s + 2. Let c be y(p). Suppose -2*o - 2*o = -c. What is the units digit of o?
3
Suppose c - 2*v = -7*v + 20, 3*c - 2*v = -8. Suppose -3*g - g - 52 = c. Let k = g - -21. What is the units digit of k?
8
Let x be 1/2 - 15/(-6). Suppose 0 = -5*p + 9 + 11. Suppose p*o - 14 = d - 40, 4*o + 38 = x*d. What is the units digit of d?
6
Suppose z + 12 = 5*z. Suppose z*m = -s + 4, 3*s + 2*s = 3*m - 34. Suppose 5*p = -25, u + u - 9 = -m*p. What is the tens digit of u?
1
Suppose 3*z = 2*v - 405 + 17, 0 = v - 2*z - 195. What is the tens digit of v?
9
Let q = 9 - 7. Suppose -i = -q*n + 15, -4*n + i = -18 - 7. Suppose 39 = 2*f + n. What is the tens digit of f?
1
Suppose 0 = 12*o + 3*o - 1395. What is the units digit of o?
3
Suppose -2*l + 2*r - 34 = 0, 37 = -2*l + l - 3*r. What is the units digit of (-4)/l - 388/(-44)?
9
Let j(q) = -2*q + 9. Let w(x) = x. Let t(h) = -j(h) - 4*w(h). Suppose 2*i + 3 = -13. What is the units digit of t(i)?
7
Suppose 5*m - 43 = 3*h, 0 = -4*h - 3*m - 2 - 65. Suppose 0 = -0*u - 3*u - 15. Let f = u - h. What is the tens digit of f?
1
Suppose -6*a + 189 = a. What is the tens digit of a?
2
Let t(g) = 2*g - 1. Suppose 3*z = 5*b - 10*b - 11, -4*z - 2*b = -4. Let p = z + 0. What is the units digit of t(p)?
5
Suppose 0 = 5*z - 15 + 5. Suppose 25 = -5*b - 4*x, z*b = 5*x - x + 18. What is the units digit of (-36)/(-2)*b/(-3)?
6
Let t(p) = -p**2 + 7*p + 4. Let o be t(7). Suppose -o*x + 0*x = -4. What is the units digit of x?
1
Let l = 7 - -3. Suppose 3*b = q + 1, b + b = l. What is the units digit of q?
4
Let t = 208 - 120. Suppose -5*y = -y - t. What is the tens digit of y?
2
Let m(p) = -7*p**3 - p**2 + p + 4. What is the tens digit of m(-4)?
3
Let k = 22 + -19. Suppose 70 = k*t - 38. What is the units digit of t?
6
Let r(a) = -a + 11. Let q be r(8). Suppose q*n + n = 20. Suppose 0 = -3*y - 0*u - 3*u + 12, n*y - 4*u = 65. What is the units digit of y?
9
Let q = 4 + 2. What is the units digit of q?
6
Let i = -11 + 20. What is the units digit of i?
9
Suppose -4*o - 5*v = -4*v - 62, 4*v = -8. What is the units digit of o?
6
Let b = 6 - 3. Suppose -2*k + b + 7 = 0. Suppose k*m - 12 = -3*r + 2*r, 6 = 5*m + 3*r. What is the units digit of m?
3
What is the tens digit of 928/36 + 2/9?
2
Suppose 5*x - 518 = k, -2*x - 2*k = -6*x + 412. What is the units digit of x?
4
What is the units digit of (2 - 10/(-4))*2?
9
Let w = 48 - -6. What is the units digit of w?
4
Let t(p) = -p + p**2 - 5 + 3 + p. What is the units digit of t(2)?
2
Let b = 6 + -6. Suppose b = 5*n + 3*p - 39, p - 30 = -4*n - p. What is the units digit of (9/n)/(6/8)?
2
Let f be 14*(-1 + 2)*2. Suppose 7*b = 3*b + f. What is the units digit of b?
7
Let t(v) = v**2 + 7*v - 30. What is the tens digit of t(-14)?
6
What is the hundreds digit of (-6)/(-15)*374 - 4/(-10)?
1
Suppose -5*q = -q + 32. Let z(u) = u**3 + 8*u**2 - 3*u - 9. What is the tens digit of z(q)?
1
Suppose -3*h + 2 = o - 0*h, o = 2*h + 22. Let z = o - 7. What is the units digit of z?
7
Let x(d) = -d**3 - 5*d**2 + 5*d + 3. Suppose 3*i - 12 = 5*i. What is the units digit of x(i)?
9
What is the tens digit of 3 + (1 + -97)/(-2)?
5
Let x = 48 + -24. What is the units digit of x?
4
What is the units digit of (126/10)/(1/5)?
3
Let v = -32 + 62. What is the units digit of v?
0
Let v be (-873)/(-7) - (-6)/21. Suppose -v = -9*r + 4*r. What is the units digit of r?
5
Let g be -2*(0 + 30/(-4)). Suppose g = -r - 4. Let u = r + 30. What is the tens digit of u?
1
Let h be 3/12 + 91/4. Let n = h + -14. What is the units digit of n?
9
What is the tens digit of 2/2 + -5 + 124?
2
Let j(f) be the third derivative of -f**3 + 0*f + 0 + 1/24*f**4 + 3*f**2. What is the units digit of j(7)?
1
Let l(y) = -y - 8. Let s be l(-7). Let a be (-4)/s + (0 - 0). Suppose a*r + 1 = 5*u + 2*r, 3 = -5*u + 4*r. What is the units digit of u?
1
Let v(p) = -7*p - 22. What is the tens digit of v(-10)?
4
Let q be 270/(-4)*(-18)/15. Suppose 2*m - 54 = 2*d, 5*m - 30 = -3*d + q. What is the units digit of m?
4
Suppose n = 12 + 24. What is the tens digit of n?
3
What is the tens digit of (1659/14)/((-3)/(-4))?
5
Let v(i) = -35*i - 7. Let s be v(-3). What is the units digit of (-8)/14 - (-3682)/s?
7
Let o(k) = 1 - 1 - k**3 - 6*k + 9*k**2 - 1. What is the tens digit of o(8)?
1
Suppose 0 = -4*p - 2 + 6. What is the units digit of p*(1 - 0) + 5?
6
Suppose -3*t - 36 = 3*v, 0 = 2*v + 2*v - 5*t + 30. What is the units digit of 16/6 - v/(-15)?
2
Let w(g) = -2*g + 3. Let f be w(2). Let o(t) = -14*t**3 + t**2 + 2*t + 1. Let d be o(f). Suppose 3*s - d = s. What is the units digit of s?
7
Suppose 4 = x + 2. Suppose x*w = -0*g - 2*g - 108, 2*w + 5*g = -102. What is the units digit of (w/(-12))/((-4)/(-6))?
7
Suppose -23 = 3*z + 4. Let m be (12/(-16))/((-1)/24). What is the units digit of 94/m - (-2)/z?
5
Let w(z) = -z - 3. Let n be w(-6). Let i(a) = 3*a - 5. What is the units digit of i(n)?
4
Let g(u) = 8*u**2 + 3*u + 4. What is the tens digit of g(-2)?
3
Suppose 2*p - 593 = -3*t, 4*p - 747 = 5*t + 494. What is the tens digit of p?
0
Let z(c) = c**3 - 2*c**2 - 5*c + 5. Suppose -3*d - d + 20 = 0. What is the units digit of z(d)?
5
Suppose 0*l - 12 = -4*l. Suppose 5*d + 5*f = -70, l*d - f = -3*f - 44. Let j = -7 - d. What is the units digit of j?
9
Let r be (0 + -2 - -5)*-1. Let w(s) = -11*s + 5. What is the tens digit of w(r)?
3
Let x(t) = t**3 - 8*t**2 + 2*t - 9. Let r be x(8). Suppose 5*w + 4*i + 21 = 0, -2*i + 0*i + 27 = -5*w. Let l = w + r. What is the units digit of l?
2
Let h(u) = u**2 + 1. Let i be h(-7). Suppose 3*x - i = 25. What is the tens digit of x?
2
Suppose 0 = -0*h - 2*h + 98. What is the tens digit of h?
4
Let x be -3 + -1*(3 - 3). Let z = 5 - x. Suppose 3*l - z = 2*l. What is the units digit of l?
8
Suppose 5*g - 2*g - 249 = 0. What is the units digit of g?
3
Suppose 0*l - 2*l = -136. Suppose 0 = -4*v + 4*u + l, -2*v + 9 = 5*u - 32. What is the units digit of v?
8
What is the units digit of 38 + (4 + -2)/(-1)?
6
Suppose -16 = -2*t + 4. Suppose -4*d + 22 = -t. Let y(j) = j**3 - 8*j**2 + 10. What is the tens digit of y(d)?
1
Let a(c) = -2*c**3 - c**2 + 3*c. What is the units digit of a(-3)?
6
Suppose -5*a + 5*d = 2*d - 57, -5*d = 2*a + 2. What is the units digit of a?
9
Let o(t) = t**2 + 13*t - 6. What is the units digit of o(-14)?
8
Suppose -2 = o - 6. Let x(b) = -b**3 + 4*b**2 + 5*b - 4. Let g be x(o). Let n = g - 9. What is the units digit of n?
7
Let w = -3 + 3. Let i(y) = -2*y**3 - 5*y**2 - 2*y + 3. Let g(j) = j**3 + 2*j**2 + j - 1. Let t(z) = 5*g(z) + 2*i(z). What is the units digit of t(w)?
1
Let h = 21 + 32. What is the tens digit of h?
5
Suppose -114 = -7*d + 4*d. What is the units digit of d?
8
Suppose 9*f - 21 = 6*f. What is the units digit of f?
7
Suppose -s = -0*s - 3*f - 3, 5*s + f = -1. Suppose 5*u + s*u = 20. Suppose -u*k - 5 + 2 = h, 5*h - 3*k - 8 = 0. What is the units digit of h?
1
Let d = 159 - 127. What is the tens digit of d?
3
Let m(v) = v**2 + 57. What is the tens digit of m(0)?
5
Let m = 10 + -5. Let b = 0 + m. What is the units digit of b?
5
What is the tens digit of (-186)/8*(-28)/7?
9
Let z(a) = a**2 + 4*a - 1. Let b = 13 + -8. Suppose 10 = 3*m - b*k, m = -0*k - 4*k - 25. What is the units digit of z(m)?
4
Let v(k) = 4*k - 12. Let m be v(6). Suppose m*x = 16*x - 144. What is the tens digit of x?
3
Suppose 0 = -s + 5*n - 14, 0*n = 5*s - 4*n + 7. Let r = s - 0. What is the units digit of r?
1
Suppose 0 = 2*w + 3*w. Suppose i - 16 = -3*i. Suppose w = a + 2*j - 7, -3*j + 34 = i*a + 2*j. What is the units digit of a?
1
What is the tens digit of (0 - -2)*(-75)/(-6)?
2
Let q(a) = -a**2 + 11*a + 17. Let s be q(12). What is the tens digit of -1 - -27 - (s - 3)?
2
Suppose -4*w - 3*l = 10, 2*w + 3*w = -2*l - 9. Let p = w + 3. Suppose -24 = -p*s - 2*s. What is the units digit of s?
6
Let o(l) = 10*l + 21. What is the tens digit of o(6)?
8
Suppose 0 = 2*h + 4*h. Suppose x - t - 30 = h, x + 2*x - 97 = -4*t. What is the units digit of x?
1
What is the tens digit of 2/(-7) + 4617/63?
7
Suppose 5*s + 10 = -0. What is the units digit of -1*s/((-4)/(-22))?
1
Let v = 19 - -1. What is the units digit of v?
0
Let l(z) = -z**3 + 11*z**2 + 14*z + 14. What is the tens digit of l(12)?
3
Let s(u) = u + 4. Let g(n) = n**2 + 3*n - 4. Let z be g(-4). What is the units digit